{"id":650,"date":"2024-09-25T14:49:40","date_gmt":"2024-09-25T17:49:40","guid":{"rendered":"https:\/\/encontrobrasileiroebp2024.com.br\/?page_id=650"},"modified":"2024-11-04T11:54:34","modified_gmt":"2024-11-04T14:54:34","slug":"boletim-coda-06","status":"publish","type":"page","link":"https:\/\/encontrobrasileiroebp2024.com.br\/index.php\/boletim\/boletim-coda-06\/","title":{"rendered":"BOLETIM CODA #06"},"content":{"rendered":"<section class=\"wpb-content-wrapper\">[vc_row][vc_column][vc_single_image image=&#8221;202&#8243; alignment=&#8221;center&#8221;][vc_column_text]\n<h6 style=\"text-align: center;\">#06 &#8211; STEMBRO 2024<\/h6>\n[\/vc_column_text][\/vc_column][\/vc_row][vc_row][vc_column][vc_column_text]\n<h3><span style=\"color: #ff0000;\">EDITORIAL<\/span><\/h3>\n<h6><em>R\u00f4mulo Ferreira da Silva (AME da EBP\/AMP)<br \/>\nCoordenador Geral do XXV EBCF<\/em><em><br \/>\n<\/em><\/h6>\n<p>Caros leitores,<\/p>\n<p>Chegamos ao sexto n\u00famero do CODA, boletim do XXV Encontro Brasileiro do Campo Freudiano, pen\u00faltimo dessa s\u00e9rie.<\/p>\n<p>Como j\u00e1 circulou em nossas redes sociais, nosso Encontro se aproxima com as vagas esgotadas a apenas dois meses da data do evento. Da mesma maneira, a Festa EVO\u00c9, que ocorrer\u00e1 no Cineclub Cortina, chegou \u00e0 lota\u00e7\u00e3o m\u00e1xima.<\/p>\n<p>Dia 15 de setembro foi a data limite para o envio dos trabalhos e n\u00e3o houve prorroga\u00e7\u00e3o, j\u00e1 que tivemos um n\u00famero satisfat\u00f3rio de envios. Um enorme trabalho para a Comiss\u00e3o Cient\u00edfica fazer a sele\u00e7\u00e3o dos trabalhos que ir\u00e3o compor as Jornadas Cl\u00ednicas que ocorrer\u00e3o no dia 8 de novembro.[\/vc_column_text][vc_empty_space height=&#8221;15px&#8221;]<a href=\"https:\/\/encontrobrasileiroebp2024.com.br\/index.php\/2024\/09\/24\/editorial-coda-06\/\" class=\"vcex-button theme-button inline\" style=\"background:#011e36;padding:5px;color:#ffffff;border-radius:var(--wpex-rounded-sm);\" data-wpex-hover='{&quot;background&quot;:&quot;var(--wpex-on-accent)&quot;}'><span class=\"vcex-button-inner theme-button-inner\">Leia+<\/span><\/a> [\/vc_column][\/vc_row][vc_row][vc_column][vc_empty_space height=&#8221;30px&#8221;][vc_separator color=&#8221;juicy_pink&#8221;][vc_empty_space height=&#8221;30px&#8221;][\/vc_column][\/vc_row][vc_row][vc_column][vc_column_text]\n<h3><span style=\"color: #ff0000;\">NOTAS E TONS<\/span><\/h3>\n<p><strong>A cicatriz da evapora\u00e7\u00e3o do pai e a segrega\u00e7\u00e3o<\/strong><\/p>\n<h6><em>Elisa Alvarenga (AME da EBP\/AMP)<\/em><\/h6>\n<p>A \u201cNota sobre o pai\u201d de Jacques Lacan foi um coment\u00e1rio realizado por Lacan sobre a apresenta\u00e7\u00e3o de Michel de Certeau \u2013 jesu\u00edta, fil\u00f3sofo e historiador das religi\u00f5es que participou da cria\u00e7\u00e3o da Escola Freudiana de Paris \u2013 sobre \u201cO que Freud fez da hist\u00f3ria\u201d, comentando o texto de Freud sobre \u201cUma neurose demon\u00edaca no s\u00e9culo XVII\u201d.<br \/>\nFreud estuda o caso do pintor Christoph Haizmann, que tinha dificuldades de sustentar-se e que afirmava ter vendido a alma ao dem\u00f4nio em troca de dinheiro. O pai havia adoecido e morrido. O sujeito aproxima-se de uma comunidade de padres, pelos quais \u00e9 exorcizado. Ele lhes apresenta um documento que seria o pacto assinado com o diabo, conseguindo guarida junto a essa comunidade religiosa. O \u00f3dio reprimido ao pai se traduz na deprecia\u00e7\u00e3o do pai&#8230;[\/vc_column_text][vc_empty_space height=&#8221;15px&#8221;]<a href=\"https:\/\/encontrobrasileiroebp2024.com.br\/index.php\/2024\/09\/24\/a-cicatriz-da-evaporacao-do-pai-e-a-segregacao\/\" class=\"vcex-button theme-button inline\" style=\"background:#011e36;padding:5px;color:#ffffff;border-radius:var(--wpex-rounded-sm);\" data-wpex-hover='{&quot;background&quot;:&quot;var(--wpex-on-accent)&quot;}'><span class=\"vcex-button-inner theme-button-inner\">Leia+<\/span><\/a> [\/vc_column][\/vc_row][vc_row][vc_column][vc_empty_space][vc_column_text]<strong>A segrega\u00e7\u00e3o enraizada na fraternidade do corpo<\/strong><\/p>\n<h6><em>J\u00e9sus Santiago (AME da EBP\/AMP)<\/em><em><br \/>\n<\/em><\/h6>\n<p>A religi\u00e3o define-se, em Freud, como uma experi\u00eancia que tem como condi\u00e7\u00e3o a<em>\u00a0ren\u00fancia pulsional<\/em>\u00a0(<em>Triebversizicht<\/em>), que se constitui como o terreno sob o qual floresce o que \u00e9 essencial na subjetividade do religioso, ou seja, a dimens\u00e3o da cren\u00e7a. A cren\u00e7a (<em>Glauben<\/em>) aparece problematizada a partir do que se conceitua como\u00a0<em>ilus\u00e3o\u00a0<\/em>(<em>Illusion<\/em>), visto que, nesta, a realiza\u00e7\u00e3o de desejo passa para o primeiro plano e, assim fazendo-se, o religioso desiste de sua rela\u00e7\u00e3o com a realidade e mesmo da comprova\u00e7\u00e3o de sua veracidade. A delimita\u00e7\u00e3o do elemento subjetivo da \u201cilus\u00e3o\u201d exige o pressuposto do diagn\u00f3stico nada otimista do mal-estar na cultura, do qual se deduzem impasses e fracassos para estabelecer o la\u00e7o social civilizado. Isso se explica pelos encontros sucessivos do \u201ctrabalho da cultura\u201d (<em>Kulturarbeit<\/em>) com a\u00a0<em>Anank\u00ea\u00a0<\/em>(necessidade)&#8230;[\/vc_column_text][vc_empty_space height=&#8221;15px&#8221;]<a href=\"https:\/\/encontrobrasileiroebp2024.com.br\/index.php\/2024\/09\/24\/a-segregacao-enraizada-na-fraternidade-do-corpo\/\" class=\"vcex-button theme-button inline\" style=\"background:#011e36;padding:5px;color:#ffffff;border-radius:var(--wpex-rounded-sm);\" data-wpex-hover='{&quot;background&quot;:&quot;var(--wpex-on-accent)&quot;}'><span class=\"vcex-button-inner theme-button-inner\">Leia+<\/span><\/a> [\/vc_column][\/vc_row][vc_row][vc_column][vc_empty_space][vc_column_text]<strong>O deserto \u00e9 pior<\/strong><\/p>\n<h6><em>Rodrigo Lyra Carvalho (EBP\/AMP<\/em><em>)<br \/>\n<\/em><\/h6>\n<p>Os modos prevalentes de identifica\u00e7\u00e3o na cultura s\u00e3o um tema primordial para a psican\u00e1lise. Seja em fun\u00e7\u00e3o dos desafios inerentes \u00e0s suas manifesta\u00e7\u00f5es na cl\u00ednica, seja pelo que revelam sobre os la\u00e7os sociais, as tend\u00eancias da constitui\u00e7\u00e3o das subjetividades convocam nossa reflex\u00e3o. Nesse sentido, os movimentos emancipat\u00f3rios que se apoiam em tra\u00e7os de identidade t\u00eam sido, cada vez mais, objeto de nosso debate.<\/p>\n<p>Fui instigado a avan\u00e7ar nessa conversa pelo texto \u201cA marca do analista\u201d, de S\u00e9rgio Laia, difundido no\u00a0<em>Boletim Coda 04<\/em>, onde ele prop\u00f5e uma articula\u00e7\u00e3o entre os alertas de Lacan a respeito da escalada do racismo e a atua\u00e7\u00e3o dos movimentos identit\u00e1rios contempor\u00e2neos. Ao destacar que Lacan notava a \u201csurpreendente intensifica\u00e7\u00e3o do racismo j\u00e1 no in\u00edcio da d\u00e9cada de 1970\u201d e ao reconhecer&#8230;[\/vc_column_text][vc_empty_space height=&#8221;15px&#8221;]<a href=\"https:\/\/encontrobrasileiroebp2024.com.br\/index.php\/2024\/09\/24\/o-deserto-e-pior\/\" class=\"vcex-button theme-button inline\" style=\"background:#011e36;padding:5px;color:#ffffff;border-radius:var(--wpex-rounded-sm);\" data-wpex-hover='{&quot;background&quot;:&quot;var(--wpex-on-accent)&quot;}'><span class=\"vcex-button-inner theme-button-inner\">Leia+<\/span><\/a> [\/vc_column][\/vc_row][vc_row][vc_column][vc_empty_space height=&#8221;30px&#8221;][vc_separator color=&#8221;juicy_pink&#8221;][vc_empty_space height=&#8221;30px&#8221;][\/vc_column][\/vc_row][vc_row][vc_column][vc_column_text]\n<h3><span style=\"color: #ff0000;\">&#8230;DIZERES E SUAS REVERBERA\u00c7\u00d5ES<\/span><\/h3>\n<p><strong>O que n\u00e3o se compartilha<\/strong><\/p>\n<h6><em>Silvia Sato (EBP\/AMP)<\/em><em><br \/>\n<\/em><\/h6>\n<p>A tentativa de dizer algo sobre a confronta\u00e7\u00e3o dos corpos na cena anal\u00edtica me levou \u00e0 experi\u00eancia no teatro enquanto expectadora. Seja o teatro dos grandes cen\u00e1rios e figurinos, que montam a personagem para a representa\u00e7\u00e3o da cena, onde os atores frente a frente ou corpo a corpo d\u00e3o voz aos personagens, seja o teatro onde a atriz se aproxima do p\u00fablico e contracena com ele. Foi assim em \u201c<em>Eu de voc\u00ea\u201d<\/em>, pe\u00e7a interpretada por Denise Fraga onde em determinado momento o corpo a corpo \u00e9 feito num improviso calculado com algu\u00e9m da plateia.[\/vc_column_text][vc_empty_space height=&#8221;15px&#8221;][vc_empty_space height=&#8221;15px&#8221;]<a href=\"https:\/\/encontrobrasileiroebp2024.com.br\/index.php\/o-encontro\/bibliografia\/dizeres-e-suas-reverberacoes\/\" class=\"vcex-button theme-button inline\" style=\"background:#011e36;padding:5px;color:#ffffff;border-radius:var(--wpex-rounded-sm);\" data-wpex-hover='{&quot;background&quot;:&quot;var(--wpex-on-accent)&quot;}'><span class=\"vcex-button-inner theme-button-inner\">Leia+<\/span><\/a> [\/vc_column][\/vc_row][vc_row][vc_column][vc_column_text]<strong>Somos filhos do discurso<\/strong><\/p>\n<h6><em>Nancy Greca Carneiro (EBP\/AMP)<\/em><em><br \/>\n<\/em><\/h6>\n<p>No pen\u00faltimo cap\u00edtulo do Semin\u00e1rio \u201cO Avesso da Psican\u00e1lise\u201d, Lacan se refere ao discurso anal\u00edtico lan\u00e7ando a quest\u00e3o que lemos na cita\u00e7\u00e3o acima. E responde a sua quest\u00e3o com a pergunta: \u201cSer\u00e1 que acentuo o bastante a relev\u00e2ncia da impossibilidade de sua posi\u00e7\u00e3o, na medida em que o analista se coloca em posi\u00e7\u00e3o de representar, de ser o agente, a causa de desejo?\u201d<\/p>\n<p>Neste Semin\u00e1rio, apresenta-se o gozo em sua forma discursiva, como o que n\u00e3o \u00e9 nome\u00e1vel; e \u00e9 na sua interdi\u00e7\u00e3o que se fundam estas estruturas.[\/vc_column_text][vc_empty_space height=&#8221;15px&#8221;][vc_empty_space height=&#8221;15px&#8221;]<a href=\"https:\/\/encontrobrasileiroebp2024.com.br\/index.php\/o-encontro\/bibliografia\/dizeres-e-suas-reverberacoes\/\" class=\"vcex-button theme-button inline\" style=\"background:#011e36;padding:5px;color:#ffffff;border-radius:var(--wpex-rounded-sm);\" data-wpex-hover='{&quot;background&quot;:&quot;var(--wpex-on-accent)&quot;}'><span class=\"vcex-button-inner theme-button-inner\">Leia+<\/span><\/a> [\/vc_column][\/vc_row][vc_row][vc_column][vc_empty_space height=&#8221;30px&#8221;][vc_separator color=&#8221;juicy_pink&#8221;][vc_empty_space height=&#8221;30px&#8221;][\/vc_column][\/vc_row][vc_row][vc_column][vc_column_text]\n<h3><span style=\"color: #ff0000;\">ARTE E CULTURA<\/span><\/h3>\n<h6><em>Isabel do R\u00eago Barros Duarte (EBP\/AMP)<br \/>\nCoordenadora da Comiss\u00e3o de Arte e Cultura<\/em><em><br \/>\n<\/em><\/h6>\n<p>Quando, nas reuni\u00f5es de nossa comiss\u00e3o de Arte e Cultura, citamos o nome de Adriana Varej\u00e3o como uma artista que aportaria uma boa discuss\u00e3o para o XXV Encontro Brasileiro, lembrei imediatamente do trabalho que fizemos sobre a obra dela nas XXIV Jornadas da EBP-RJ e do ICP-RJ em 2015. Por sua vez, Cristiana Pittella se lembrou do trabalho feito tamb\u00e9m com essa artista para as XXV Jornadas da EBP-MG em 2021.<br \/>\nFomos atr\u00e1s desse material e nos deparamos com uma produ\u00e7\u00e3o interessante e atual, que mostra como o trabalho de nossa comunidade de orienta\u00e7\u00e3o lacaniana deixa rastros de transmiss\u00e3o dos quais nos servimos permanentemente em nossa forma\u00e7\u00e3o. Nos deparamos com esses restos de eventos anteriores que, retomados e rearrumados em um novo discurso, se transformam em uma nova montagem, como um movimento de caleidosc\u00f3pio.[\/vc_column_text][vc_empty_space height=&#8221;15px&#8221;][vc_empty_space height=&#8221;15px&#8221;]<a href=\"https:\/\/encontrobrasileiroebp2024.com.br\/index.php\/2024\/09\/24\/arte-e-cultura-5\/\" class=\"vcex-button theme-button inline\" style=\"background:#011e36;padding:5px;color:#ffffff;border-radius:var(--wpex-rounded-sm);\" data-wpex-hover='{&quot;background&quot;:&quot;var(--wpex-on-accent)&quot;}'><span class=\"vcex-button-inner theme-button-inner\">Leia+<\/span><\/a> [\/vc_column][\/vc_row][vc_row][vc_column][vc_empty_space height=&#8221;30px&#8221;][vc_separator color=&#8221;juicy_pink&#8221;][vc_empty_space height=&#8221;30px&#8221;][\/vc_column][\/vc_row][vc_row][vc_column width=&#8221;1\/3&#8243;][vc_single_image image=&#8221;183&#8243; alignment=&#8221;center&#8221; onclick=&#8221;custom_link&#8221; link=&#8221;https:\/\/encontrobrasileiroebp2024.com.br\/index.php\/o-encontro\/organizacao\/&#8221;][vc_column_text]\n<p style=\"text-align: center;\"><strong>INSCRI\u00c7\u00d5ES<\/strong><\/p>\n[\/vc_column_text][\/vc_column][vc_column width=&#8221;1\/3&#8243;][vc_single_image image=&#8221;329&#8243; img_size=&#8221;60&#215;60&#8243; alignment=&#8221;center&#8221; onclick=&#8221;custom_link&#8221; link=&#8221;https:\/\/encontrobrasileiroebp2024.com.br\/index.php\/livraria\/&#8221;][vc_column_text]\n<p style=\"text-align: center;\"><strong>REFER\u00caNCIAS<\/strong><\/p>\n[\/vc_column_text][\/vc_column][vc_column width=&#8221;1\/3&#8243;][vc_single_image image=&#8221;519&#8243; img_size=&#8221;60&#215;60&#8243; alignment=&#8221;center&#8221; onclick=&#8221;custom_link&#8221; link=&#8221;https:\/\/encontrobrasileiroebp2024.com.br\/index.php\/podcast\/&#8221;][vc_column_text]\n<p style=\"text-align: center;\"><strong>PODCAST<\/strong><\/p>\n[\/vc_column_text][\/vc_column][\/vc_row][vc_row][vc_column][vc_single_image image=&#8221;203&#8243; alignment=&#8221;center&#8221;][vc_column_text css=&#8221;.vc_custom_1710252813056{background-color: #011e36 !important;}&#8221;]\n<p style=\"text-align: center;\"><span style=\"color: #ffffff;\"><strong>Diretoria do Encontro:\u00a0<\/strong><strong>Patricia Badari<\/strong>\u00a0(Presidente) |<strong>\u00a0Niraldo de Oliveira Santos<\/strong>\u00a0(Diretor) |\u00a0<strong>Alessandra Pecego e R\u00f4mulo Ferreira da Silva<\/strong>\u00a0(Coordenadores Gerais)<\/span><br \/>\n<span style=\"color: #ffffff;\"><strong><br \/>\nComiss\u00e3o do Boletim: Coord:<\/strong>\u00a0Gustavo Menezes (SP) e Renata Gomes Martinez (RJ) | Adriana Rodrigues (SUL) | Cleyton Andrade (NE) | Daniela Nunes Ara\u00fajo (BA) | Fabr\u00edcio Donizetti (SP) | Ol\u00edvia Viana (MG) | Thereza de Felice (RJ)<\/span><\/p>\n<p style=\"text-align: center;\"><span style=\"color: #ffffff;\"><strong>Designer:<\/strong>\u00a0<a style=\"color: #ffffff;\" href=\"mailto:sennabruno@gmail.com\">Bruno Senna<\/a><\/span><\/p>\n[\/vc_column_text][\/vc_column][\/vc_row]\n<\/section>","protected":false},"excerpt":{"rendered":"<p>[vc_row][vc_column][vc_single_image image=&#8221;202&#8243; alignment=&#8221;center&#8221;][vc_column_text] #06 &#8211; STEMBRO 2024 [\/vc_column_text][\/vc_column][\/vc_row][vc_row][vc_column][vc_column_text] EDITORIAL R\u00f4mulo Ferreira da Silva (AME da EBP\/AMP) Coordenador Geral do XXV EBCF Caros leitores, Chegamos ao sexto n\u00famero do CODA, boletim do XXV Encontro Brasileiro do Campo Freudiano, pen\u00faltimo dessa s\u00e9rie. Como j\u00e1 circulou em nossas redes sociais, nosso Encontro se aproxima com as vagas esgotadas&hellip;<\/p>\n","protected":false},"author":1,"featured_media":0,"parent":42,"menu_order":0,"comment_status":"closed","ping_status":"closed","template":"","meta":{"om_disable_all_campaigns":false,"_monsterinsights_skip_tracking":false,"_monsterinsights_sitenote_active":false,"_monsterinsights_sitenote_note":"","_monsterinsights_sitenote_category":0,"footnotes":""},"class_list":["post-650","page","type-page","status-publish","hentry","entry","no-media"],"aioseo_notices":[],"_links":{"self":[{"href":"https:\/\/encontrobrasileiroebp2024.com.br\/index.php\/wp-json\/wp\/v2\/pages\/650","targetHints":{"allow":["GET"]}}],"collection":[{"href":"https:\/\/encontrobrasileiroebp2024.com.br\/index.php\/wp-json\/wp\/v2\/pages"}],"about":[{"href":"https:\/\/encontrobrasileiroebp2024.com.br\/index.php\/wp-json\/wp\/v2\/types\/page"}],"author":[{"embeddable":true,"href":"https:\/\/encontrobrasileiroebp2024.com.br\/index.php\/wp-json\/wp\/v2\/users\/1"}],"replies":[{"embeddable":true,"href":"https:\/\/encontrobrasileiroebp2024.com.br\/index.php\/wp-json\/wp\/v2\/comments?post=650"}],"version-history":[{"count":4,"href":"https:\/\/encontrobrasileiroebp2024.com.br\/index.php\/wp-json\/wp\/v2\/pages\/650\/revisions"}],"predecessor-version":[{"id":765,"href":"https:\/\/encontrobrasileiroebp2024.com.br\/index.php\/wp-json\/wp\/v2\/pages\/650\/revisions\/765"}],"up":[{"embeddable":true,"href":"https:\/\/encontrobrasileiroebp2024.com.br\/index.php\/wp-json\/wp\/v2\/pages\/42"}],"wp:attachment":[{"href":"https:\/\/encontrobrasileiroebp2024.com.br\/index.php\/wp-json\/wp\/v2\/media?parent=650"}],"curies":[{"name":"wp","href":"https:\/\/api.w.org\/{rel}","templated":true}]}}