{"id":40,"date":"2024-02-23T08:45:58","date_gmt":"2024-02-23T11:45:58","guid":{"rendered":"https:\/\/encontrobrasileiroebp2024.com.br\/?page_id=40"},"modified":"2024-10-28T14:53:39","modified_gmt":"2024-10-28T17:53:39","slug":"cien-cereda","status":"publish","type":"page","link":"https:\/\/encontrobrasileiroebp2024.com.br\/index.php\/eventos-das-redes\/cien-cereda\/","title":{"rendered":"CIEN\/CEREDA"},"content":{"rendered":"<section class=\"wpb-content-wrapper\">[vc_row][vc_column width=&#8221;1\/2&#8243;][vc_column_text]\n<h3><span style=\"color: #bd9884;\">Sobre o VIII Encontro NR-Cereda:<\/span><\/h3>\n<p>Um aspecto relevante na pesquisa do Cereda Brasil tem sido poder esclarecer o estatuto e o trabalho com o sonho em crian\u00e7as pequenas e em mais velhas, mas sobretudo o lugar do pesadelo, pois \u00e9 a partir dele que, em muitos casos, se abre o caminho pelo qual o adulto consente com a demanda de an\u00e1lise para a crian\u00e7a. Tamb\u00e9m chama a aten\u00e7\u00e3o quando o pesadelo irrompe durante o tratamento da crian\u00e7a, localizando a dimens\u00e3o do real em jogo. Por isso, enfatizamos como recorte de trabalho: &#8220;Pesadelo e sonho na crian\u00e7a e no adolescente no discurso anal\u00edtico&#8221;.<\/p>\n<h3><span style=\"color: #bd9884;\">Sobre a IX Conversa\u00e7\u00e3o do CIEN:<\/span><\/h3>\n<p>O recorte do tema de trabalho para o Cien-Brasil foi &#8220;Os usos dos sonhos nos discursos e os efeitos na conversa\u00e7\u00e3o&#8221;. Ele foi pensado a partir do que os laborat\u00f3rios foram trazendo nas conversa\u00e7\u00f5es realizadas durante o ano. Queremos conversar sobre o que cada conversa\u00e7\u00e3o pode trazer de novo sobre a presen\u00e7a dos sonhos e seus usos fora do dispositivo anal\u00edtico, em outros discursos, e tamb\u00e9m em ato, nas conversa\u00e7\u00f5es, para dizer um pouco sobre o lugar que eles ocupam, que efeitos produzem, sua pot\u00eancia de imprevisto.<\/p>\n<p>Al\u00e9m das mesas com os trabalhos, teremos uma participa\u00e7\u00e3o de Carolina Koretzky fazendo uma pontua\u00e7\u00e3o sobre o tema que implica as duas redes.[\/vc_column_text][\/vc_column][vc_column width=&#8221;1\/2&#8243;][vc_single_image image=&#8221;596&#8243;][vc_empty_space]<div class=\"theme-button-wrap textcenter wpex-clr\"><a href=\"https:\/\/forms.gle\/mYpGfRawWhEta29p7\" class=\"vcex-button theme-button align-center inline\"><span class=\"vcex-button-inner theme-button-inner\">INSCRI\u00c7\u00c3O<\/span><\/a><\/div> [\/vc_column][\/vc_row][vc_row][vc_column][vc_empty_space]<div class=\"vcex-module vcex-divider vcex-divider-solid vcex-divider-center wpex-mx-auto wpex-block wpex-h-0 wpex-border-b wpex-border-solid wpex-border-main\" style=\"border-color:#9e4b07;\"><\/div>[vc_empty_space][vc_column_text]<strong><span style=\"color: #bd9884;\">9 &#8211; 9h10 | Abertura<\/span><\/strong><\/p>\n<p><em>Nohem\u00ed Brown (EBP\/AMP)<\/em><\/p>\n<hr \/>\n<p><strong><span style=\"color: #bd9884;\">9h10 \u2013 10h | Sobre a necessidade das fic\u00e7\u00f5es<\/span><\/strong><\/p>\n<p><em>Carolina Koretzky (AE, ECF\/AMP)<\/em><\/p>\n<hr \/>\n<p><strong><span style=\"color: #bd9884;\">10h \u2013 11h45 | Mesa 1 | CEREDA &#8211; Brasil<\/span><\/strong><\/p>\n<p><strong>O pesadelo e o despertar<\/strong><br \/>\n<em><span style=\"color: #bd9884;\">Coordena: Maria do Ros\u00e1rio do R\u00eago Barros (EBP\/AMP)<\/span><\/em><br \/>\n<em><span style=\"color: #bd9884;\">Comenta: Val\u00e9ria Ferranti (EBP\/AMP)<\/span><\/em><\/p>\n<p><strong>N\u00facleos: Perer\u00ea e Ciranda SP &#8211; Da menina &#8220;estranha&#8221; \u00e0 menina &#8220;sens\u00edvel&#8221;<\/strong><br \/>\n<em>Relatora: Patr\u00edcia Ribeiro<\/em><\/p>\n<p><strong>N\u00facleos: Pastoril e Coco de Roda &#8211; Um sonho muito pessoal<\/strong><br \/>\n<em>Relatora: Roberta de Ara\u00fajo Gusm\u00e3o<\/em><\/p>\n<p><strong>N\u00facleos: Da\u00ed Guri e Telengo Tengo &#8211; O que desperta com os pesadelos?<\/strong><br \/>\n<em>Relatora: Fernanda Baptista<\/em><\/p>\n<hr \/>\n<p><strong><span style=\"color: #bd9884;\">11h45 \u2013 13h30 | Mesa 2 | CEREDA &#8211; Brasil<\/span><\/strong><\/p>\n<p><strong>Do sonho ao mal-entendido<\/strong><br \/>\n<span style=\"color: #bd9884;\"><em>Coordena: Cristina Drummond (EBP\/AMP)<\/em><\/span><br \/>\n<span style=\"color: #bd9884;\"><em>Comenta: T\u00e2nia Abreu (EBP\/AMP)<\/em><\/span><\/p>\n<p><strong>N\u00facleos: Pandorga, Uni Duni T\u00ea CG e Ciranda RP <\/strong><br \/>\nBah tch\u00ea-se numa crian\u00e7a<br \/>\n<em>Relatora: Maria Luiza Rovaris Cidade<\/em><\/p>\n<p><strong>N\u00facleos: Carrossel e Uni Duni T\u00ea JP<\/strong><br \/>\nO sonho de Fidel: um despertar do inconsciente?<br \/>\n<em>Relatora: Bruna do Vale<\/em><\/p>\n<p><strong>N\u00facleos: Biloqu\u00ea e Curumim <\/strong><br \/>\nDo pesadelo \u00e0 constru\u00e7\u00e3o de uma fic\u00e7\u00e3o sob transfer\u00eancia<br \/>\n<em>Relatora: Ana Paula Rezende<\/em><\/p>\n<hr \/>\n<p><span style=\"color: #bd9884;\"><strong>13h30 \u2013 14h40 | Mesa 1 | CIEN &#8211; Brasil<\/strong><\/span><\/p>\n<p><strong>A opera\u00e7\u00e3o do inconsciente sobre o sonho: um recorte do dizer de jovens <\/strong><br \/>\n<strong>Coordena\u00e7\u00e3o CIEN-MG<\/strong><br \/>\n<em>Apresenta: Marina da Cunha Pinto Colares<\/em><\/p>\n<p><strong>Eu at\u00e9 sonhei com voc\u00ea<\/strong><br \/>\n<strong>Laborat\u00f3rio A crian\u00e7a entre a mulher e a m\u00e3e (CIEN-RJ)<\/strong><br \/>\n<em>Apresenta: Anna Paula Ara\u00fajo<\/em><\/p>\n<p><strong>O uso dos sonhos no discurso e os efeitos na conversa\u00e7\u00e3o<\/strong><br \/>\n<strong>Laborat\u00f3rio Protocolo Aberto (CIEN-SC)<\/strong><br \/>\n<em>Apresenta: Fernanda Segatto<\/em><\/p>\n<p><strong><em>Coment\u00e1rios: Cl\u00e1udia Regina Santa Silva (EBP\/AMP)<\/em><\/strong><br \/>\n<strong><em>Coordena\u00e7\u00e3o: Renata Silva de Paula Soares<\/em><\/strong><\/p>\n<hr \/>\n<p><strong><span style=\"color: #bd9884;\">14h40 \u2013 15h50 | Mesa 2 | CIEN &#8211; Brasil<\/span><\/strong><\/p>\n<p><strong>As Conversa\u00e7\u00f5es na Biblioteca Hans C. Andersen e as dan\u00e7as das cadeiras <\/strong><br \/>\n<strong>Laborat\u00f3rio CRIAR (CIEN-SP)<\/strong><br \/>\n<em>Apresenta: Marilene Graziele Viana<\/em><\/p>\n<p><strong>O adolescente especialista de si e o adolescente pesquisador: uma aposta na conversa\u00e7\u00e3o<\/strong><br \/>\n<strong>Laborat\u00f3rio Janela da Escuta (CIEN-MG)<\/strong><br \/>\n<em>Apresenta: Cristiane Grillo (EBP\/AMP)<\/em><\/p>\n<p><strong>A conversa\u00e7\u00e3o sobre sonhos: ponto de imposs\u00edvel ou um lugar a pertencer?<\/strong><br \/>\n<strong>Laborat\u00f3rio Entre Escolhas e Expectativas (CIEN-MG)<\/strong><br \/>\n<em>Apresenta: Clarice T\u00falio<\/em><\/p>\n<p><span style=\"color: #bd9884;\"><em>Coment\u00e1rios: Daniela Nunes Ara\u00fajo (EBP\/AMP)<\/em><\/span><br \/>\n<span style=\"color: #bd9884;\"><em>Coordena\u00e7\u00e3o: Ceres L\u00eada Felix (EBP\/AMP)<\/em><\/span><\/p>\n<hr \/>\n<p><strong><span style=\"color: #bd9884;\">15h50 &#8211; 17h | Mesa 3 | CIEN &#8211; Brasil<\/span><\/strong><\/p>\n<p><strong>Caminhos de significantes e sonhos, efeitos de CIEN que despertam Laborat\u00f3rio Bola de Gude (CIEN-SP)<\/strong><br \/>\nApresenta: Tatiana Vidotti (EBP\/AMP)<\/p>\n<p><strong>Por ter sido sonhado<\/strong><br \/>\n<strong>Laborat\u00f3rio Encontro de Saberes (CIEN-SC)<\/strong><br \/>\nApresenta: Valesca Lopes<\/p>\n<p><strong>A escola teria uma fantasia sobre os corpos pretos?<\/strong><br \/>\n<strong>Laborat\u00f3rio A Escola e Suas Cores (CIEN &#8211; MG)<\/strong><br \/>\nApresenta: Marianna Ferreira<\/p>\n<p><span style=\"color: #bd9884;\"><em>Coment\u00e1rios: Paola Salinas (EBP\/AMP)<\/em><\/span><br \/>\n<span style=\"color: #bd9884;\"><em>Coordena\u00e7\u00e3o: Mirta Fernandes<\/em><\/span><\/p>\n<p><strong><span style=\"color: #bd9884;\">17h \u2013 17h10 | Encerramento \u2013 Fl\u00e1via C\u00eara (EBP\/AMP)<\/span><\/strong>[\/vc_column_text][\/vc_column][\/vc_row]\n<\/section>","protected":false},"excerpt":{"rendered":"<p>[vc_row][vc_column width=&#8221;1\/2&#8243;][vc_column_text] Sobre o VIII Encontro NR-Cereda: Um aspecto relevante na pesquisa do Cereda Brasil tem sido poder esclarecer o estatuto e o trabalho com o sonho em crian\u00e7as pequenas e em mais velhas, mas sobretudo o lugar do pesadelo, pois \u00e9 a partir dele que, em muitos casos, se abre o caminho pelo qual&hellip;<\/p>\n","protected":false},"author":1,"featured_media":0,"parent":36,"menu_order":0,"comment_status":"closed","ping_status":"closed","template":"","meta":{"om_disable_all_campaigns":false,"_monsterinsights_skip_tracking":false,"_monsterinsights_sitenote_active":false,"_monsterinsights_sitenote_note":"","_monsterinsights_sitenote_category":0,"footnotes":""},"class_list":["post-40","page","type-page","status-publish","hentry","entry","no-media"],"aioseo_notices":[],"_links":{"self":[{"href":"https:\/\/encontrobrasileiroebp2024.com.br\/index.php\/wp-json\/wp\/v2\/pages\/40","targetHints":{"allow":["GET"]}}],"collection":[{"href":"https:\/\/encontrobrasileiroebp2024.com.br\/index.php\/wp-json\/wp\/v2\/pages"}],"about":[{"href":"https:\/\/encontrobrasileiroebp2024.com.br\/index.php\/wp-json\/wp\/v2\/types\/page"}],"author":[{"embeddable":true,"href":"https:\/\/encontrobrasileiroebp2024.com.br\/index.php\/wp-json\/wp\/v2\/users\/1"}],"replies":[{"embeddable":true,"href":"https:\/\/encontrobrasileiroebp2024.com.br\/index.php\/wp-json\/wp\/v2\/comments?post=40"}],"version-history":[{"count":12,"href":"https:\/\/encontrobrasileiroebp2024.com.br\/index.php\/wp-json\/wp\/v2\/pages\/40\/revisions"}],"predecessor-version":[{"id":726,"href":"https:\/\/encontrobrasileiroebp2024.com.br\/index.php\/wp-json\/wp\/v2\/pages\/40\/revisions\/726"}],"up":[{"embeddable":true,"href":"https:\/\/encontrobrasileiroebp2024.com.br\/index.php\/wp-json\/wp\/v2\/pages\/36"}],"wp:attachment":[{"href":"https:\/\/encontrobrasileiroebp2024.com.br\/index.php\/wp-json\/wp\/v2\/media?parent=40"}],"curies":[{"name":"wp","href":"https:\/\/api.w.org\/{rel}","templated":true}]}}