{"id":119,"date":"2024-02-29T08:22:15","date_gmt":"2024-02-29T11:22:15","guid":{"rendered":"https:\/\/encontrobrasileiroebp2024.com.br\/?page_id=119"},"modified":"2024-02-29T08:22:15","modified_gmt":"2024-02-29T11:22:15","slug":"a-convidada","status":"publish","type":"page","link":"https:\/\/encontrobrasileiroebp2024.com.br\/index.php\/o-encontro\/a-convidada\/","title":{"rendered":"A Convidada"},"content":{"rendered":"<section class=\"wpb-content-wrapper\">[vc_row][vc_column][vc_column_text]<strong><img loading=\"lazy\" decoding=\"async\" class=\"size-medium wp-image-120 alignnone\" src=\"http:\/\/encontrobrasileiroebp2024.com.br\/wp-content\/uploads\/2024\/02\/alberti-300x200.jpg\" alt=\"\" width=\"300\" height=\"200\" srcset=\"https:\/\/encontrobrasileiroebp2024.com.br\/wp-content\/uploads\/2024\/02\/alberti-300x200.jpg 300w, https:\/\/encontrobrasileiroebp2024.com.br\/wp-content\/uploads\/2024\/02\/alberti-768x512.jpg 768w, https:\/\/encontrobrasileiroebp2024.com.br\/wp-content\/uploads\/2024\/02\/alberti.jpg 960w\" sizes=\"auto, (max-width: 300px) 100vw, 300px\" \/><\/strong><\/p>\n<p><strong>Christiane Alberti<\/strong><\/p>\n<ul>\n<li>A.M.E. , atual presidente da Associa\u00e7\u00e3o Mundial de Psican\u00e1lise.<\/li>\n<li>Mestre de confer\u00eancia no Departamento de psican\u00e1lise da Universidade de Paris 8, coordenadora do Col\u00e9gio cl\u00ednico de Toulouse, mestrado em psicopatologia cl\u00ednica, doutorado de psicologia<\/li>\n<li>Psicanalista em Toulouse &#8211; Fran\u00e7a.<\/li>\n<\/ul>\n[\/vc_column_text][\/vc_column][\/vc_row]\n<\/section>","protected":false},"excerpt":{"rendered":"<p>[vc_row][vc_column][vc_column_text] Christiane Alberti A.M.E. , atual presidente da Associa\u00e7\u00e3o Mundial de Psican\u00e1lise. Mestre de confer\u00eancia no Departamento de psican\u00e1lise da Universidade de Paris 8, coordenadora do Col\u00e9gio cl\u00ednico de Toulouse, mestrado em psicopatologia cl\u00ednica, doutorado de psicologia Psicanalista em Toulouse &#8211; Fran\u00e7a. [\/vc_column_text][\/vc_column][\/vc_row]<\/p>\n","protected":false},"author":1,"featured_media":0,"parent":19,"menu_order":0,"comment_status":"closed","ping_status":"closed","template":"","meta":{"om_disable_all_campaigns":false,"_monsterinsights_skip_tracking":false,"_monsterinsights_sitenote_active":false,"_monsterinsights_sitenote_note":"","_monsterinsights_sitenote_category":0,"footnotes":""},"class_list":["post-119","page","type-page","status-publish","hentry","entry","no-media"],"aioseo_notices":[],"_links":{"self":[{"href":"https:\/\/encontrobrasileiroebp2024.com.br\/index.php\/wp-json\/wp\/v2\/pages\/119","targetHints":{"allow":["GET"]}}],"collection":[{"href":"https:\/\/encontrobrasileiroebp2024.com.br\/index.php\/wp-json\/wp\/v2\/pages"}],"about":[{"href":"https:\/\/encontrobrasileiroebp2024.com.br\/index.php\/wp-json\/wp\/v2\/types\/page"}],"author":[{"embeddable":true,"href":"https:\/\/encontrobrasileiroebp2024.com.br\/index.php\/wp-json\/wp\/v2\/users\/1"}],"replies":[{"embeddable":true,"href":"https:\/\/encontrobrasileiroebp2024.com.br\/index.php\/wp-json\/wp\/v2\/comments?post=119"}],"version-history":[{"count":1,"href":"https:\/\/encontrobrasileiroebp2024.com.br\/index.php\/wp-json\/wp\/v2\/pages\/119\/revisions"}],"predecessor-version":[{"id":121,"href":"https:\/\/encontrobrasileiroebp2024.com.br\/index.php\/wp-json\/wp\/v2\/pages\/119\/revisions\/121"}],"up":[{"embeddable":true,"href":"https:\/\/encontrobrasileiroebp2024.com.br\/index.php\/wp-json\/wp\/v2\/pages\/19"}],"wp:attachment":[{"href":"https:\/\/encontrobrasileiroebp2024.com.br\/index.php\/wp-json\/wp\/v2\/media?parent=119"}],"curies":[{"name":"wp","href":"https:\/\/api.w.org\/{rel}","templated":true}]}}